 + -5.
4
(-2 - -1) + (12 - 22 - -3)
-8
Calculate (4 - 4) + -1 + -2.
-3
Calculate 7 - (5 + -1 + 8).
-5
What is -5 - (12 - 7) - (1 + -6)?
-5
(27 - 25) + (-3 - 0 - 7)
-8
Evaluate (0 - 13) + 2 + 3.
-8
What is 2 - (4 - 2) - (-1 - 0)?
1
What is the value of -5 + -3 + (4 + -3 - -6)?
-1
What is the value of (7 - 3) + (7 + -7 - 8)?
-4
1 + 8 + -32 + 27
4
-6 + -3 + (8 - -4) + 6
9
Calculate -4 + (12 - (-1 - -8)).
1
What is the value of -1 + (11 + -10 - (-1 + -4))?
5
Calculate 0 - (-12 - -1 - (26 + -30)).
7
What is the value of (-6 - -6) + -2 - (0 - 0)?
-2
What is -2 + 11 + 1 + -7?
3
Calculate -1 + (-1 + -1 - (-3 - 1)).
1
What is the value of 6 + 4 + (4 - 12) - -2?
4
What is (6 - 1) + -2 + -6?
-3
Evaluate -2 - (11 - 7 - (0 - -4)).
-2
What is the value of -8 - -11 - (3 + 2)?
-2
(-2 + 4 - 6) + -1
-5
-113 + 109 - (0 - 0 - 10)
6
Evaluate (2 - 9) + 9 + -10.
-8
12 + -9 + 3 + -4
2
What is the value of 1 + 3 - (9 + -6) - 2?
-1
What is (-1 - -5) + 0 + 0 + -3?
1
Evaluate 2 + -4 + 0 - -10.
8
Evaluate -1 + -8 + 3 - -2.
-4
Calculate 1 + ((2 - 3) + 7 - 2).
5
Calculate -6 - (-3 + (-2 - -2)) - 0.
-3
What is 2 + -8 + (5 - -4)?
3
Evaluate -8 + 5 + 0 + -3 + 9.
3
-4 - (-1 + (-1 - -2))
-4
What is the value of 7 + (-9 - -1) + -3?
-4
Calculate (-5 - -16) + -9 + 2.
4
-55 - -54 - (7 - 1)
-7
What is (1 - 7) + -10 + 10 - -5?
-1
What is the value of 9 - (0 - (0 - 8))?
1
Calculate 1 + -2 + (-5 - (-6 - -5)).
-5
What is (8 - 4 - 7) + (-4 - -2)?
-5
What is (3 - 5) + (-6 - -3) + 8?
3
Calculate (6 - ((9 - 4) + -4)) + 0.
5
What is -2 + 1 + (-3 - (-6 + -3))?
5
What is 1 + -10 + 8 - -4?
3
What is 2 - (-4 + (4 - 0) - -1)?
1
Calculate (2 - 4) + 1 - -3 - -3.
5
What is (0 - 2) + -2 - (-15 - -13)?
-2
16 - 9 - (17 - 3)
-7
9 - (-6 - (-15 - -7))
7
0 + (1 - -1) + -7 + 2
-3
What is the value of 16 + -3 - 11 - 4?
-2
(-1 - 2) + 3 + 0
0
Evaluate 8 + 0 + -17 - -10.
1
What is the value of -14 + -3 - (-15 + 4)?
-6
What is -59 + 52 - (-3 - -2)?
-6
Calculate -12 + (-5 - (-6 - 4)).
-7
Evaluate -168 + 163 - (-1 + -7).
3
0 - 2 - (-1 - (0 - 0))
-1
Calculate (0 + (4 - 0) - 3) + -2.
-1
What is -6 + -8 + (-16 - -28)?
-2
Calculate 0 + -6 + 4 + 3.
1
What is -4 - (0 - (1 - -2))?
-1
Calculate -3 + -6 - -4 - -3.
-2
What is (1 - (3 + -1)) + (-2 - 3)?
-6
What is (11 - 5) + (-3 - (-2 - -3))?
2
What is the value of 2 + -7 + (0 - (4 - 8))?
-1
Evaluate 5 + (-6 - 2) - (-1 + -4).
2
What is the value of -8 - (1 - (0 + 4))?
-5
What is 12 - (11 + 2 + -8)?
7
Calculate 3 - 14 - (-9 + 12 - 4).
-10
Calculate 6 - (-7 + (15 - 1)).
-1
Calculate (-1 - -1) + 1 - (-1 - -4).
-2
Calculate (1 - 6) + (-3 - -7).
-1
What is the value of 10 + 8 + -11 + -8?
-1
Evaluate -8 - (-6 - (-1 - -1)).
-2
-5 - ((5 - 6) + -1 - 1)
-2
What is the value of 2 - (4 + -1 - 7) - 0?
6
What is the value of 5 + 4 + (-8 - -3)?
4
What is 0 + -2 - -2 - 0 - 1?
-1
2 + -7 + 9 + -4
0
2 + (2 - (-5 + 5) - 2)
2
What is the value of (-4 - -12) + 0 + -17 + -1?
-10
Calculate 0 - 0 - (14 - 16).
2
What is 2 - ((2 - 4) + 8 + -6)?
2
Calculate 7 + -1 + (2 - 0) - 4.
4
What is the value of -10 + (6 - 0 - (58 + -52))?
-10
What is the value of -5 + -7 + 7 + 1?
-4
(2 - (0 + 4)) + (0 - 1)
-3
7 + (-3 - (1 - (0 + 1)))
4
Calculate 5 + (7 - (18 + -9)).
3
What is the value of 2 + (4 - 5) + -1?
0
What is the value of 11 + (-1 - (9 - 2))?
3
(-5 - -1) + 3 - -2
1
What is 26 + -14 + -18 - 1?
-7
Evaluate 5 + -1 + 3 + -2 + -5.
0
What is the value of 0 + (1 - -3) + 4 - 3?
5
What is the value of 4 - (-2 - (-3 + 0))?
3
What is the value of -13 - (-5 - -1 - (4 - 1))?
-6
0 - (-10 - -4) - 11
-5
-8 - -4 - (0 + -1)
-3
What is -4 - (-1 + (4 - 3))?
-4
What is the value of 22 - 31 - -9 - (1 - -6)?
-7
-1 + -4 + (8 - 4)
-1
Evaluate -1 + -2 + 4 - (2 + 0).
-1
0 + 1 - -2 - (11 - 12)
4
5 + 0 + -4 + (-2 - -4)
3
Calculate 0 + 0 - (8 + -5 - 7).
4
What is the value of 0 + 1 - (31 + -32)?
2
11 + 7 + -19 + -1
-2
10 - 8 - (1 - 2 - -4)
-1
Calculate -2 - (0 + -3 - -3).
-2
What is the value of 2 + (0 - 5 - 1 - -4)?
0
What is the value of -1 + -6 + -4 + 6?
-5
Evaluate (7 - 0 - 8) + -5.
-6
What is the value of 4 - (5 - -9 - 5)?
-5
What is -2 - (1 - 4) - (-1 - -5)?
-3
What is (4 - ((-1 - -2) + -2)) + -5?
0
What is the value of 3 + -9 + (-8 - 4) + 8?
-10
Calculate -4 + 1 + (-37 - -35) - -8.
3
What is the value of 2 + (3 - (-3 - -6))?
2
Evaluate -3 + 2 + -4 + 6.
1
Evaluate -5 + 2 + 0 + 5.
2
What is -1 + -7 + (-4 - (-5 - 1))?
-6
Calculate 1 + -2 - (1 - 0).
-2
-4 + -1 - (-4 - (0 + -9))
-10
What is 14 - -1 - 9 - 5?
1
Evaluate 2 + -9 + (5 + -8 - -7).
-3
What is -4 + 0 + (3 - 5)?
-6
-1 + -2 + (1 + -5 - -2)
-5
What is the value of (0 + -4 - (1 + -3)) + -2?
-4
(12 - (4 - -1)) + (0 - 3)
4
Calculate 0 - (-5 + (-4 - -8) - -6).
-5
What is the value of -1 + -2 + (2 - (-8 - -6))?
1
What is -7 - 8 - -6 - (-4 + 0)?
-5
5 - (3 - (-11 - -8 - -4))
3
4 + 2 + (1 + 0 - 3)
4
Calculate (1 - 5) + (-48 - -51) - 8.
-9
Evaluate (1 - 3) + -3 - (-9 + 6).
-2
Calculate 72 - 66 - (1 + 0 + -1).
6
What is the value of 3 + (5 - (3 - 0) - 0)?
5
Calculate 5 - (5 - (-4 + 5 - 1)).
0
What is 5 - (4 - (3 + -5)) - -2?
1
What is the value of -6 - ((3 + -3 - -4) + -3)?
-7
What is (4 - (3 - 0) - -1) + -10?
-8
-18 + 18 + (6 - 2)
4
0 + -1 + 53 + -59
-7
Calculate -2 + 6 + -4 - -3.
3
Calculate 20 + -9 + -10 + 5.
6
Evaluate 5 + -15 + 3 - 4.
-11
-7 - (4 - 8) - 0
-3
-5 + (-2 + 0 - (1 + -3))
-5
What is the value of (-3 - 6) + 1 - -6?
-2
Evaluate -7 + 11 + -16 + 5.
-7
Evaluate (4 - -4 - 4) + -1 - 11.
-8
Calculate (-3 - 2) + 0 - -4 - 2.
-3
Calculate 7 - (-2 + -1 - -6).
4
-16 + 4 + (-24 - -33)
-3
What is the value of -1 + -1 + (9 - -2) + -12?
-3
Evaluate (2 + 0 - (5 + -3)) + -2.
-2
What is the value of 1 - (1 + -1) - (324 + -327)?
4
19 + -16 + (2 - 1) + -6
-2
What is 0 + -1 + 9 - (67 - 48)?
-11
What is the value of 5 - (-6 + 8 + 6)?
-3
Evaluate -1 - -2 - (-1 + 0).
2
What is 4 + (-4 - -8 - 10)?
-2
What is the value of 5 + 8 + (-22 - -11)?
2
What is -2 + 9 - (-2 + 4)?
5
Calculate -2 + 5 + (-4 - 0) - 1.
-2
Evaluate (5 + -14 - -6) + 9.
6
What is (0 - -6 - 3) + (2 - 0)?
5
5 + -5 + 8 - (0 - -7)
1
What is (15 - 18) + 0 + 6?
3
3 - (-13 + 6) - (-1 - -9)
2
What is the value of (-21 - -28) + (1 - 6)?
2
What is the value of 4 - (-3 + -4 + 3 - 0)?
8
(3 - 2) + (-6 - -8)
3
Evaluate (-2 - 0) + (-3 + 6 - -2).
3
Calculate 2 + -4 - (-4 + 1).
1
Evaluate -3 - (-7 + 1 + 3).
0
Evaluate -5 + 13 - (16 + -1) - -15.
8
What is the value of -2 + (3 - -1) - 1?
1
Evaluate -4 + (-17 - (-19 - -6)).
-8
What is (3 + 0 - 0) + -1?
2
2 + (-2 - (-1 + 1)) + -3
-3
What is the value of (-8 - -11) + -2 - (-3 + 0)?
4
Evaluate 10 + (-3 - 4) + -8 + 15.
10
Calculate -1 - -1 - (-3 - -2 - -1).
0
-4 - (0 + 5 + -11)
2
What is 2 + (7 - 4) - (3 - 0)?
2
Calculate 1 + 1 - -1 - (10 - 3).
-4
What is the value of -11 - -1 - (-205 - -198)?
-3
What is (2 - 3 - (41 - 33)) + 2?
-7
-1 + -4 + 4 - 3
-4
What is the value of (3 - 3) + 0 + (-2 - -4)?
2
What is -1 - -2 - (-13 + 11 + 4)?
-1
5 + -14 - (-3 - (0 + 1))
-5
Calculate -2 + 2 + -1 + 5 - 3.
1
Calculate (-16 - -12) + (7 - 2).
1
What is (-4 - -5 - (5 - 9)) + 2?
7
-5 + (8 + -8 - -8)
3
Calculate (-2 - -8) + -8 + (0 - 0).
-2
Evaluate 5 + (-2 + -4 - (4 + -7)).
2
Calculate 5 + (9 - (4 - 1) - 10).
1
-9 + 4 + (17 - 13)
-1
Evaluate (2 - 2) + (-5 - -3).
-2
What is 1 + 1 + (-4 - -6)?
4
What is the value of (-10 - -3 - -2) + 2 - -4?
1
What is the value of -1 + -3 + -3 + 3 + 1?
-3
Calculate -8 + 4 + 0 - -1 - -4.
1
Evaluate 3 - 0 - (-1 + (7 - 4)).
1
Calculate 2 + -2 + (3 - (2 - -2)).
-1
What is the value of (1 - 1) + -4 + -1 + 4?
-1
Evaluate 1 - (2 + -10 - -15).
-6
Calculate 0 - (1 - -3 - (-4 - -8)).
0
Calculate -4 - (6 - (-4 + 20)) - 10.
-4
0 + -6 + 8 + -1
1
-4 - (1 - 2 - 2)
-1
8 + 1 + -13 + 2
-2
(2 - 7) + 2 + 3
0
Evaluate 11 - (7 + 1 + 9).
-6
What is -4 - (5 + -4 - (2 - -3))?
0
Evaluate (5 - (0 - -10)) + 0.
-5
Evaluate 12 + (-4 - 9 - -1).
0
Calculate (-3 - 2) + 2 + 2.
-1
Calculate 11 - 5 - 0 - (0 + 2).
4
What is the value of -2 + 7 - (-8 + 14 - 2)?
1
What is the value of 1 + -3 + (13 - 12)?
-1
27 - 24 - ((1 - 2) + 7)
-3
(-5 - (5 + -5)) + 7
2
Calculate (42 - 47) + -2 + 7 + 2.
2
(8 - 20) + (8 - -1)
-3
Calculate 7 + 6 + -8 - 6.
-1
What is the value of -1 + 1 + (25 - 29)?
-4
Evaluate -4 + 1 + -9 + 7 + -1.
-6
Evaluate -4 - (1 - (6 + 3 + -4)).
0
What is (7 - 3) + -10 + 3?
-3
Evaluate -2 + 9 - 2 - 5.
0
Calculate 0 + -6 